{"id":681,"date":"2024-01-12T16:35:23","date_gmt":"2024-01-12T15:35:23","guid":{"rendered":"https:\/\/www.tolerie-forme.com\/politique-de-confidentialite\/"},"modified":"2024-02-20T14:06:31","modified_gmt":"2024-02-20T13:06:31","slug":"politique-de-confidentialite","status":"publish","type":"page","link":"https:\/\/www.tolerie-forme.com\/en\/politique-de-confidentialite\/","title":{"rendered":"Politique de confidentialit\u00e9"},"content":{"rendered":"\n<section class=\"wp-block-group container-md\"><div class=\"wp-block-group__inner-container is-layout-constrained wp-block-group-is-layout-constrained\">\n<h1 class=\"wp-block-heading has-text-align-center mb-5\">Politique de confidentialit\u00e9<\/h1>\n\n\n\n<div class=\"wp-block-group\"><div class=\"wp-block-group__inner-container is-layout-constrained wp-block-group-is-layout-constrained\">\n<p>Cette politique de confidentialit\u00e9 d\u00e9crit comment nous collectons,  utilisons et prot\u00e9geons les informations que vous nous fournissez  lorsque vous utilisez notre site web.<\/p>\n\n\n\n<div class=\"wp-block-columns is-layout-flex wp-container-core-columns-is-layout-9d6595d7 wp-block-columns-is-layout-flex\">\n<div class=\"wp-block-column is-layout-flow wp-block-column-is-layout-flow\">\n<p><strong>Atelier de T\u00f4lerie-Forme Mehdi Vidal<\/strong><\/p>\n\n\n\n<p>Route de la Crouzette<br>09420 Rimont<br>T\u00e9l. 05 61 96 39 29<br>Contactez-nous<\/p>\n\n\n\n<p>SIRET : 514 493 014 00021<br>TVA : FR19 514 493 014<\/p>\n\n\n\n<p>Responsable de la publication : Mehdi Vidal<\/p>\n<\/div>\n\n\n\n<div class=\"wp-block-column is-layout-flow wp-block-column-is-layout-flow\">\n<p><strong>H\u00e9bergement<\/strong><\/p>\n\n\n\n<p><strong>Infomaniak Network SA<\/strong><br>Les Acacias, Gen\u00e8ve,<br>Suisse<br>Registre du commerce du canton de Gen\u00e8ve CH-660.0.059.996-1<br>Num\u00e9ro IDE : CHE-103.167.648<br>Num\u00e9ro TVA : CHE-103.167.648<\/p>\n<\/div>\n<\/div>\n\n\n\n<p><strong>Collecte d\u2019informations<\/strong><\/p>\n\n\n\n<p>Les informations personnelles suivantes sont collect\u00e9es lorsque les utilisateurs remplissent le formulaire de contact : nom, pr\u00e9nom, adresse e-mail et adresse IP. <strong>Atelier Mehdi Vidal<\/strong> utilise \u00e9galement des outils d\u2019analyse web pour collecter des informations sur l\u2019utilisation du site web, telles que le nombre de visiteurs, le temps pass\u00e9 sur le site web, les pages visit\u00e9es et les sources de trafic. Ces informations sont anonymes et ne peuvent pas \u00eatre utilis\u00e9es pour identifier personnellement les utilisateurs.<\/p>\n\n\n\n<p><strong>Utilisation des informations<\/strong><\/p>\n\n\n\n<p>Les informations collect\u00e9es sont destin\u00e9es \u00e0 r\u00e9pondre aux demandes des utilisateurs et \u00e0 am\u00e9liorer le site web. De plus, <strong>Atelier Mehdi Vidal<\/strong> peut utiliser ces informations pour entrer en contact avec les utilisateurs dans le cadre d\u2019une relation commerciale et pour r\u00e9pondre \u00e0 leurs demandes de services.<\/p>\n\n\n\n<p><strong>Formulaires<\/strong><\/p>\n\n\n\n<p>Lorsque vous validez un formulaire sur notre site internet, les donn\u00e9es personnelles que vous nous fournissez seront trait\u00e9es informatiquement sur le territoire suisse avant d\u2019\u00eatre redirig\u00e9es vers <strong>Atelier Mehdi Vidal<\/strong> sur le territoire fran\u00e7ais.<\/p>\n\n\n\n<p><strong>Formulaire de contact<\/strong><\/p>\n\n\n\n<p>En utilisant ce formulaire, vous consentez \u00e0 la collecte et au traitement des informations que vous fournissez. Les donn\u00e9es personnelles collect\u00e9es, telles que votre nom, adresse e-mail, num\u00e9ro de t\u00e9l\u00e9phone et tout autre d\u00e9tail que vous fournissez volontairement, seront utilis\u00e9es uniquement dans le but de r\u00e9pondre \u00e0 votre demande ou de vous fournir les informations demand\u00e9es. Vos donn\u00e9es ne seront pas utilis\u00e9es \u00e0 des fins commerciales non sollicit\u00e9es ni partag\u00e9es avec des tiers sans votre consentement explicite. <strong><strong>Atelier Mehdi Vidal<\/strong> <\/strong>conserve ces donn\u00e9es le temps de traiter votre demande et r\u00e9pondre \u00e0 toutes vos questions.<\/p>\n\n\n\n<p><strong>Formulaire de candidature<\/strong><\/p>\n\n\n\n<p>En soumettant ce formulaire, vous consentez \u00e0 la collecte et au traitement de vos donn\u00e9es personnelles par <strong><strong>Atelier Mehdi Vidal<\/strong><\/strong> \u00e0 des fins d\u2019\u00e9valuation de votre candidature. Les informations recueillies incluent, mais ne sont pas limit\u00e9es \u00e0 vos pr\u00e9nom, nom, adresse postale, code postal, ville, num\u00e9ro de t\u00e9l\u00e9phone, adresse e-mail, lettre de motivation, curriculum vitae (CV). Ces donn\u00e9es seront trait\u00e9es dans le cadre du processus de recrutement par <strong>Atelier Mehdi Vidal<\/strong>. Vos donn\u00e9es seront conserv\u00e9es pendant la dur\u00e9e n\u00e9cessaire au processus de recrutement et seront ensuite supprim\u00e9es conform\u00e9ment \u00e0 notre politique de conservation des donn\u00e9es.<\/p>\n\n\n\n<p><strong>Analyses et statistiques<\/strong><\/p>\n\n\n\n<p>Ce site utilise Matomo, plateforme open source d\u2019analyse pour sites web. La plateforme est auto-h\u00e9berg\u00e9e par le prestataire de site internet <a href=\"https:\/\/www.studiowa.fr\/\" target=\"_blank\" rel=\"noreferrer noopener\">studiowa.fr<\/a> sur son serveur mutualis\u00e9 install\u00e9 en Suisse et configur\u00e9 selon <a href=\"https:\/\/www.cnil.fr\/sites\/default\/files\/atoms\/files\/matomo_analytics_-_exemption_-_guide_de_configuration.pdf\" target=\"_blank\" rel=\"noreferrer noopener\">les recommandations de la CNIL<\/a> (autorit\u00e9s ind\u00e9pendantes fran\u00e7aises charg\u00e9es de la protection des donn\u00e9es). Toutes les donn\u00e9es d\u2019analyse r\u00e9colt\u00e9es sont anonymis\u00e9es et sont notre enti\u00e8re propri\u00e9t\u00e9 afin de prot\u00e9ger la vie priv\u00e9e de nos utilisateurs. Les donn\u00e9es anonymis\u00e9es sont uniquement consult\u00e9es par <strong>Atelier Mehdi Vidal<\/strong> et le prestataire de site internet <a href=\"https:\/\/www.studiowa.fr\/\" target=\"_blank\" rel=\"noreferrer noopener\">studiowa.fr<\/a> afin de mesurer l\u2019audience et d\u2019am\u00e9liorer les services.<\/p>\n\n\n\n<p><strong>Protection des informations<\/strong><\/p>\n\n\n\n<p><strong><strong>Atelier Mehdi Vidal<\/strong><\/strong> s\u2019engage \u00e0 prot\u00e9ger les informations fournies par les utilisateurs en utilisant des mesures de s\u00e9curit\u00e9 appropri\u00e9es pour emp\u00eacher l\u2019acc\u00e8s non autoris\u00e9, l\u2019alt\u00e9ration, la divulgation ou la destruction des informations.<\/p>\n\n\n\n<p><strong>Partage des informations<\/strong><\/p>\n\n\n\n<p><strong>Atelier Mehdi Vidal<\/strong> ne partage pas les informations personnelles avec des tiers sans le consentement explicite des utilisateurs, sauf si cela est requis par la loi.<\/p>\n\n\n\n<p><strong>Droits d\u2019acc\u00e8s, de rectification et de suppression<\/strong><\/p>\n\n\n\n<p>Vous avez le droit d\u2019acc\u00e9der, de rectifier, de supprimer ou de limiter le traitement de vos donn\u00e9es personnelles. Vous avez \u00e9galement le droit de vous opposer au traitement et le droit \u00e0 la portabilit\u00e9 des donn\u00e9es. Pour exercer ces droits ou pour toute question concernant la politique de confidentialit\u00e9 de l\u2019entreprise, veuillez contacter <strong><strong>Atelier Mehdi Vidal<\/strong><\/strong> via le <a href=\"https:\/\/www.tolerie-forme.com\/en\/contact-us\/\" data-type=\"page\" data-id=\"31\">formulaire de contact.<\/a><\/p>\n\n\n\n<p><strong>Cookies<\/strong><\/p>\n\n\n\n<p>Ce site web utilise des cookies. Les cookies sont de petits fichiers texte stock\u00e9s localement par votre navigateur sur votre appareil. Ils sont utilis\u00e9s pour am\u00e9liorer la fonctionnalit\u00e9 de ce site web et sont essentiels pour certaines op\u00e9rations. En plus de ses propres cookies, ce site web utilise \u00e9galement des cookies Matomo pour mesurer son audience. Si vous ne souhaitez pas que les cookies soient enregistr\u00e9s, vous pouvez configurer votre navigateur en cons\u00e9quence. Cependant, vous ne pourrez pas utiliser toutes les fonctionnalit\u00e9s de notre site Web.<\/p>\n\n\n\n<p>Cookies pr\u00e9sents sur ce site web :<\/p>\n\n\n\n<figure class=\"wp-block-table\"><table><thead><tr><th>Nom du cookie<\/th><th>Dur\u00e9e<\/th><th>Fonction<\/th><\/tr><\/thead><tbody><tr><td>tarteaucitron<\/td><td>12 mois<\/td><td>Consentement<\/td><\/tr><tr><td>_pk_ses<\/td><td>Session (30 minutes)<\/td><td>Analyse<\/td><\/tr><tr><td>_pk_id<\/td><td>13 mois<\/td><td>Analyse<\/td><\/tr><\/tbody><\/table><\/figure>\n\n\n\n<p><strong>Contenus embarqu\u00e9s<\/strong><\/p>\n\n\n\n<p>Contenus embarqu\u00e9s sur ce site web :<\/p>\n\n\n\n<figure class=\"wp-block-table\"><table><thead><tr><th>Nom<\/th><th>Domaine<\/th><th>Fonction<\/th><\/tr><\/thead><tbody><tr><td>Matomo<\/td><td>stats.studiowa.fr<\/td><td>Analyse<\/td><\/tr><\/tbody><\/table><\/figure>\n\n\n\n<p><strong>Modifications<\/strong><\/p>\n\n\n\n<p><strong><strong>Atelier Mehdi Vidal<\/strong><\/strong> se r\u00e9serve le droit de mettre \u00e0 jour cette politique de confidentialit\u00e9 \u00e0 tout moment. Les changements seront publi\u00e9s sur cette page avec la date de la derni\u00e8re mise \u00e0 jour.<\/p>\n\n\n\n<p>Pour toute question ou pr\u00e9occupation concernant notre politique de confidentialit\u00e9, veuillez contacter <strong>Atelier Mehdi Vidal<\/strong> via le <a href=\"https:\/\/www.tolerie-forme.com\/en\/contact-us\/\" data-type=\"page\" data-id=\"31\">formulaire de contact<\/a>.<\/p>\n\n\n\n<p>Derni\u00e8re mise \u00e0 jour : 31 janvier 2024<\/p>\n<\/div><\/div>\n<\/div><\/section>\n","protected":false},"excerpt":{"rendered":"<p>Politique de confidentialit\u00e9 Cette politique de confidentialit\u00e9 d\u00e9crit comment nous collectons, utilisons et prot\u00e9geons les informations que vous nous fournissez lorsque vous utilisez notre site web. Atelier de T\u00f4lerie-Forme Mehdi Vidal Route de la Crouzette09420 RimontT\u00e9l. 05 61 96 39 29Contactez-nous SIRET : 514 493 014 00021TVA : FR19 514 493 014 Responsable de la [&hellip;]<\/p>\n","protected":false},"author":1,"featured_media":0,"parent":0,"menu_order":0,"comment_status":"closed","ping_status":"closed","template":"page-standard.php","meta":{"_acf_changed":false,"_seopress_robots_primary_cat":"","_seopress_titles_title":"","_seopress_titles_desc":"","_seopress_robots_index":"yes","footnotes":""},"class_list":["post-681","page","type-page","status-publish","hentry"],"acf":[],"_links":{"self":[{"href":"https:\/\/www.tolerie-forme.com\/en\/wp-json\/wp\/v2\/pages\/681","targetHints":{"allow":["GET"]}}],"collection":[{"href":"https:\/\/www.tolerie-forme.com\/en\/wp-json\/wp\/v2\/pages"}],"about":[{"href":"https:\/\/www.tolerie-forme.com\/en\/wp-json\/wp\/v2\/types\/page"}],"author":[{"embeddable":true,"href":"https:\/\/www.tolerie-forme.com\/en\/wp-json\/wp\/v2\/users\/1"}],"replies":[{"embeddable":true,"href":"https:\/\/www.tolerie-forme.com\/en\/wp-json\/wp\/v2\/comments?post=681"}],"version-history":[{"count":2,"href":"https:\/\/www.tolerie-forme.com\/en\/wp-json\/wp\/v2\/pages\/681\/revisions"}],"predecessor-version":[{"id":700,"href":"https:\/\/www.tolerie-forme.com\/en\/wp-json\/wp\/v2\/pages\/681\/revisions\/700"}],"wp:attachment":[{"href":"https:\/\/www.tolerie-forme.com\/en\/wp-json\/wp\/v2\/media?parent=681"}],"curies":[{"name":"wp","href":"https:\/\/api.w.org\/{rel}","templated":true}]}}

Politique de confidentialité

<section class="wp-block-group container-md"><div class="wp-block-group__inner-container is-layout-constrained wp-block-group-is-layout-constrained">
<h1 class="wp-block-heading has-text-align-center mb-5">Politique de confidentialité</h1>



<div class="wp-block-group"><div class="wp-block-group__inner-container is-layout-constrained wp-block-group-is-layout-constrained">
<p>Cette politique de confidentialité décrit comment nous collectons,  utilisons et protégeons les informations que vous nous fournissez  lorsque vous utilisez notre site web.</p>



<div class="wp-block-columns is-layout-flex wp-container-core-columns-is-layout-9d6595d7 wp-block-columns-is-layout-flex">
<div class="wp-block-column is-layout-flow wp-block-column-is-layout-flow">
<p><strong>Atelier de Tôlerie-Forme Mehdi Vidal</strong></p>



<p>Route de la Crouzette<br>09420 Rimont<br>Tél. 05 61 96 39 29<br>Contactez-nous</p>



<p>SIRET : 514 493 014 00021<br>TVA : FR19 514 493 014</p>



<p>Responsable de la publication : Mehdi Vidal</p>
</div>



<div class="wp-block-column is-layout-flow wp-block-column-is-layout-flow">
<p><strong>Hébergement</strong></p>



<p><strong>Infomaniak Network SA</strong><br>Les Acacias, Genève,<br>Suisse<br>Registre du commerce du canton de Genève CH-660.0.059.996-1<br>Numéro IDE : CHE-103.167.648<br>Numéro TVA : CHE-103.167.648</p>
</div>
</div>



<p><strong>Collecte d’informations</strong></p>



<p>Les informations personnelles suivantes sont collectées lorsque les utilisateurs remplissent le formulaire de contact : nom, prénom, adresse e-mail et adresse IP. <strong>Atelier Mehdi Vidal</strong> utilise également des outils d’analyse web pour collecter des informations sur l’utilisation du site web, telles que le nombre de visiteurs, le temps passé sur le site web, les pages visitées et les sources de trafic. Ces informations sont anonymes et ne peuvent pas être utilisées pour identifier personnellement les utilisateurs.</p>



<p><strong>Utilisation des informations</strong></p>



<p>Les informations collectées sont destinées à répondre aux demandes des utilisateurs et à améliorer le site web. De plus, <strong>Atelier Mehdi Vidal</strong> peut utiliser ces informations pour entrer en contact avec les utilisateurs dans le cadre d’une relation commerciale et pour répondre à leurs demandes de services.</p>



<p><strong>Formulaires</strong></p>



<p>Lorsque vous validez un formulaire sur notre site internet, les données personnelles que vous nous fournissez seront traitées informatiquement sur le territoire suisse avant d’être redirigées vers <strong>Atelier Mehdi Vidal</strong> sur le territoire français.</p>



<p><strong>Formulaire de contact</strong></p>



<p>En utilisant ce formulaire, vous consentez à la collecte et au traitement des informations que vous fournissez. Les données personnelles collectées, telles que votre nom, adresse e-mail, numéro de téléphone et tout autre détail que vous fournissez volontairement, seront utilisées uniquement dans le but de répondre à votre demande ou de vous fournir les informations demandées. Vos données ne seront pas utilisées à des fins commerciales non sollicitées ni partagées avec des tiers sans votre consentement explicite. <strong><strong>Atelier Mehdi Vidal</strong> </strong>conserve ces données le temps de traiter votre demande et répondre à toutes vos questions.</p>



<p><strong>Formulaire de candidature</strong></p>



<p>En soumettant ce formulaire, vous consentez à la collecte et au traitement de vos données personnelles par <strong><strong>Atelier Mehdi Vidal</strong></strong> à des fins d’évaluation de votre candidature. Les informations recueillies incluent, mais ne sont pas limitées à vos prénom, nom, adresse postale, code postal, ville, numéro de téléphone, adresse e-mail, lettre de motivation, curriculum vitae (CV). Ces données seront traitées dans le cadre du processus de recrutement par <strong>Atelier Mehdi Vidal</strong>. Vos données seront conservées pendant la durée nécessaire au processus de recrutement et seront ensuite supprimées conformément à notre politique de conservation des données.</p>



<p><strong>Analyses et statistiques</strong></p>



<p>Ce site utilise Matomo, plateforme open source d’analyse pour sites web. La plateforme est auto-hébergée par le prestataire de site internet <a href="https://www.studiowa.fr/" target="_blank" rel="noreferrer noopener">studiowa.fr</a> sur son serveur mutualisé installé en Suisse et configuré selon <a href="https://www.cnil.fr/sites/default/files/atoms/files/matomo_analytics_-_exemption_-_guide_de_configuration.pdf" target="_blank" rel="noreferrer noopener">les recommandations de la CNIL</a> (autorités indépendantes françaises chargées de la protection des données). Toutes les données d’analyse récoltées sont anonymisées et sont notre entière propriété afin de protéger la vie privée de nos utilisateurs. Les données anonymisées sont uniquement consultées par <strong>Atelier Mehdi Vidal</strong> et le prestataire de site internet <a href="https://www.studiowa.fr/" target="_blank" rel="noreferrer noopener">studiowa.fr</a> afin de mesurer l’audience et d’améliorer les services.</p>



<p><strong>Protection des informations</strong></p>



<p><strong><strong>Atelier Mehdi Vidal</strong></strong> s’engage à protéger les informations fournies par les utilisateurs en utilisant des mesures de sécurité appropriées pour empêcher l’accès non autorisé, l’altération, la divulgation ou la destruction des informations.</p>



<p><strong>Partage des informations</strong></p>



<p><strong>Atelier Mehdi Vidal</strong> ne partage pas les informations personnelles avec des tiers sans le consentement explicite des utilisateurs, sauf si cela est requis par la loi.</p>



<p><strong>Droits d’accès, de rectification et de suppression</strong></p>



<p>Vous avez le droit d’accéder, de rectifier, de supprimer ou de limiter le traitement de vos données personnelles. Vous avez également le droit de vous opposer au traitement et le droit à la portabilité des données. Pour exercer ces droits ou pour toute question concernant la politique de confidentialité de l’entreprise, veuillez contacter <strong><strong>Atelier Mehdi Vidal</strong></strong> via le <a href="https://www.tolerie-forme.com/en/contact-us/" data-type="page" data-id="31">formulaire de contact.</a></p>



<p><strong>Cookies</strong></p>



<p>Ce site web utilise des cookies. Les cookies sont de petits fichiers texte stockés localement par votre navigateur sur votre appareil. Ils sont utilisés pour améliorer la fonctionnalité de ce site web et sont essentiels pour certaines opérations. En plus de ses propres cookies, ce site web utilise également des cookies Matomo pour mesurer son audience. Si vous ne souhaitez pas que les cookies soient enregistrés, vous pouvez configurer votre navigateur en conséquence. Cependant, vous ne pourrez pas utiliser toutes les fonctionnalités de notre site Web.</p>



<p>Cookies présents sur ce site web :</p>



<figure class="wp-block-table"><table><thead><tr><th>Nom du cookie</th><th>Durée</th><th>Fonction</th></tr></thead><tbody><tr><td>tarteaucitron</td><td>12 mois</td><td>Consentement</td></tr><tr><td>_pk_ses</td><td>Session (30 minutes)</td><td>Analyse</td></tr><tr><td>_pk_id</td><td>13 mois</td><td>Analyse</td></tr></tbody></table></figure>



<p><strong>Contenus embarqués</strong></p>



<p>Contenus embarqués sur ce site web :</p>



<figure class="wp-block-table"><table><thead><tr><th>Nom</th><th>Domaine</th><th>Fonction</th></tr></thead><tbody><tr><td>Matomo</td><td>stats.studiowa.fr</td><td>Analyse</td></tr></tbody></table></figure>



<p><strong>Modifications</strong></p>



<p><strong><strong>Atelier Mehdi Vidal</strong></strong> se réserve le droit de mettre à jour cette politique de confidentialité à tout moment. Les changements seront publiés sur cette page avec la date de la dernière mise à jour.</p>



<p>Pour toute question ou préoccupation concernant notre politique de confidentialité, veuillez contacter <strong>Atelier Mehdi Vidal</strong> via le <a href="https://www.tolerie-forme.com/en/contact-us/" data-type="page" data-id="31">formulaire de contact</a>.</p>



<p>Dernière mise à jour : 31 janvier 2024</p>
</div></div>
</div></section>

<p>Politique de confidentialité Cette politique de confidentialité décrit comment nous collectons, utilisons et protégeons les informations que vous nous fournissez lorsque vous utilisez notre site web. Atelier de Tôlerie-Forme Mehdi Vidal Route de la Crouzette09420 RimontTél. 05 61 96 39 29Contactez-nous SIRET : 514 493 014 00021TVA : FR19 514 493 014 Responsable de la [&hellip;]</p>
